 -3*u. Calculate the remainder when u is divided by 20.
18
What is the remainder when 1*33*2/6 is divided by 4?
3
Let r(b) = -b**2 + 2*b + 1. Let w(c) = 1. Let x(d) = -r(d) + 5*w(d). What is the remainder when x(5) is divided by 5?
4
Let o(w) = -w**2 - 3*w. Let z = -4 + 1. Let y be o(z). Suppose -x - 2*x + 57 = y. Calculate the remainder when x is divided by 10.
9
Let f = -728 + 499. Let t = -116 - f. Let l = t + -70. Calculate the remainder when l is divided by 15.
13
Let l = 1 + -3. Let r be 0/((-1)/(-2)*l). Suppose 4*f = -a - r*a + 30, 0 = 3*a + 6. What is the remainder when 14 is divided by f?
6
Let q(w) = -w**2 - 10*w - 15. Let l be q(-10). Let i(p) = p**2 + 6*p + 7. What is the remainder when i(-7) is divided by ((-20)/l)/((-1)/(-6))?
6
What is the remainder when 91 is divided by (-1)/7 + (-2366)/(-98)?
19
Suppose 208 = -t + 5*t. Calculate the remainder when t is divided by 27.
25
Let z(s) = -2*s + 3. Let i = -9 + 51. What is the remainder when i is divided by z(-4)?
9
Let q = 16 - 10. Calculate the remainder when q + (1 - (0 - -1)) is divided by (4 - 0)*(-6)/(-8).
0
Let b be ((-6)/(-4))/(16/32). Suppose b*g - 16 = 20. Calculate the remainder when 47 is divided by g.
11
Let n = -11 + 23. Suppose -5*v = 3*i - 148, -2*i + 71 + 49 = 4*v. Calculate the remainder when v is divided by n.
8
Let o(d) = 22*d**3 + d**2 - d - 1. Let h be o(-1). Let y = -2 - h. What is the remainder when 74 is divided by y?
17
Let m(d) = 7*d**2 - d. What is the remainder when m(5) is divided by 58?
54
Suppose 1 = o - 9. Suppose -17 = -k + 2. What is the remainder when k is divided by o?
9
Let t = 93 + -59. Calculate the remainder when t is divided by 9.
7
Let c(j) = -j**2 - 6*j + 11. Let p be c(-7). Suppose 5*d - p*z - 105 = 0, -95 = -4*d + 2*z - z. What is the remainder when d is divided by 7?
4
Let t(c) be the first derivative of -c**3/3 + 2*c**2 + c - 1. Let o = -237 - -244. Calculate the remainder when o is divided by t(3).
3
Calculate the remainder when (26 - 25/(-5))*2 is divided by 16.
14
Let j = 89 + -35. Calculate the remainder when j is divided by 15.
9
Suppose -2*d + 0*d = -10. Suppose -d*p + y = -8*p + 122, -166 = -4*p - 3*y. What is the remainder when p is divided by 14?
12
Suppose 5*l = -0*z + 3*z + 57, -5*l = -z - 59. Calculate the remainder when 20 is divided by l.
8
Let r(d) = -25*d**3 + d**2 + 2*d + 1. Let q(m) = -m**2 - m - 1. Let n be q(0). Let z be r(n). Let v = 44 - z. What is the remainder when 36 is divided by v?
17
Let o = 85 - 53. What is the remainder when 61 is divided by o?
29
Suppose -10 = -6*c + c. Let y = -14 + 9. Let u = y - -8. What is the remainder when u is divided by c?
1
Let d = -28 - -48. Let t = -31 - -19. Let j = t + d. What is the remainder when 29 is divided by j?
5
Let o = 4 - -13. Suppose 3*h - 5*i = 21 - 0, 3*i = 2*h - 13. Let p(s) = 4*s**3. Calculate the remainder when p(h) is divided by o.
15
Let v = -2 - -2. Suppose 53 = 2*k + 3*z, 2*k - 5*z - 31 + 2 = v. Let o = 104 - 61. What is the remainder when o is divided by k?
21
Let y = -30 - -47. Suppose -5 = -2*p + 7*p. Calculate the remainder when y is divided by p/(-4) + 35/4.
8
Suppose 4*m - 92 = -0*m. Calculate the remainder when m is divided by 6 - 0/(-5 + 1).
5
Let k(t) be the second derivative of t**5/20 - t**4/3 + t**3/2 + 2*t**2 - 2*t. Let d = 8 + -5. Calculate the remainder when 11 is divided by k(d).
3
Calculate the remainder when 37 is divided by (-77)/(-7) + 3 + 0 + -1.
11
Let g(h) = 10*h**2 + 7*h - 3. Calculate the remainder when g(-3) is divided by 34.
32
Suppose -4*h - h + 70 = 0. Let j = 12 - 10. Suppose -2*v = j*v - 220. What is the remainder when v is divided by h?
13
Let n(c) = -c**2 - 10*c + 3. Let l = 4 + -13. Let b be n(l). Suppose -a + 0*a + b = 0. Calculate the remainder when 47 is divided by a.
11
Suppose -5*h = 3*p + 9, 3*h + 5*p + 15 = -2*h. Suppose 5*w - 93 + 23 = h. What is the remainder when 41 is divided by w?
13
Let s be 94/(-10) - (-2)/5. Suppose u - 150 = 6*u. What is the remainder when u/(5/(60/s)) is divided by 14?
12
Suppose -z - r = -11 + 3, -r = -2*z + 1. What is the remainder when 4 is divided by z?
1
Suppose 0 = x - 15 - 15. Suppose -3*b + 2*m = -2*b - 22, 4*b + 5*m = 49. What is the remainder when x is divided by b?
14
Let u(y) = y + 4. Calculate the remainder when 38 is divided by u(6).
8
Let o = -1 + 3. Suppose 0*q - 3*q - 3*h + 93 = 0, -5 = -5*h. Suppose -6*n + 0*n = -q. What is the remainder when n is divided by o?
1
Let b(t) = 2*t**3 + 2*t**2 - 2*t + 1. Let l be b(1). Let d = 1 + l. Calculate the remainder when 10 is divided by d.
2
Suppose -3*r - 9 = 0, -2*y + r = y - 39. Calculate the remainder when 57 is divided by y.
9
Let k(f) = -f + 4. What is the remainder when 20 - (0 - (-1 - 0)) is divided by k(-7)?
8
Let n = -112 + 229. What is the remainder when n is divided by 17?
15
Let x(y) be the second derivative of y**4/12 + 2*y**3/3 - y**2/2 + y. Let v be (1 + -3)*7/2. Calculate the remainder when 38 is divided by x(v).
18
Suppose -m - 2*m = 15, 20 = 2*n - 2*m. Suppose -k + 3*j - n = -15, 4*j = -4. Suppose 3*a = a + 26. Calculate the remainder when a is divided by k.
6
Let c = 33 - 20. Suppose 4*z - 176 = 4*x, 3*z - 225 = -2*z + 4*x. Calculate the remainder when z is divided by c.
10
Let h = 14 + 1. Calculate the remainder when 42 is divided by h.
12
Let l(n) = -5*n**3 + 3*n**2 - 2*n - 1. Let w(p) = -p**3 + p**2. Let b(i) = l(i) - 6*w(i). What is the remainder when 26 is divided by b(4)?
5
Suppose 2*p = -v + 15, 2*p + p = 4*v + 39. Let o be 2/6 - (-24)/p. Suppose 0 = o*m - 3, 4*r + 0*m = -m + 29. Calculate the remainder when 12 is divided by r.
5
Suppose 26 - 8 = 3*o. What is the remainder when 6 is divided by o?
0
Let d = -57 - -87. What is the remainder when 56 is divided by d?
26
Let u(c) = -8*c + 144. Let i(y) = 4*y**2 - 5*y + 2. Let a be ((3 - 2)*-4)/(-1). What is the remainder when i(a) is divided by u(16)?
14
Let v(k) = 6*k**2 - 10*k - 6. Calculate the remainder when v(5) is divided by 16.
14
Let a be -2*5*3/(-6). Suppose a*i + 16 = -49. Let k = 29 + i. Calculate the remainder when 31 is divided by k.
15
Let l(q) = -39*q**3 - q - 1. Let t = 8 + -5. Suppose -5*z = 2*y + 21 - 95, t*z + y = 44. Calculate the remainder when l(-1) is divided by z.
11
Let q be 102/18 + 2/(-3). Suppose q*c = -0 + 55. Suppose -r + s = -26, 2*r - 5*s - 58 - 9 = 0. What is the remainder when r is divided by c?
10
Let p(m) = -3*m. Let d = -10 - -5. Let w be p(d). Let g = w + -9. Calculate the remainder when 17 is divided by g.
5
Let v = 4 - 2. What is the remainder when (0 + -2)/1 - -33 is divided by 0 + v*5 - -1?
9
Let b be (-2 - 33/6)*2. Let w(f) = f - 1. Let v be w(3). Calculate the remainder when 1/(-2)*v - b is divided by 5.
4
Suppose 68 = 4*q + 4*h, 0 = 3*q - 3*h - 17 - 22. Suppose 106 = 4*n - 70. What is the remainder when n is divided by q?
14
Let y = -2 + 63. Let x = y - 24. Suppose 2*k - x = k. What is the remainder when k is divided by 19?
18
Suppose -2*t - g = -161, -3*g - 203 = -2*t - 38. What is the remainder when t is divided by 21?
18
Let m be (-36)/(-28) + 2/(-7). What is the remainder when 0 + (-20)/(-2 + m) is divided by 7?
6
Let s(p) = -p**3 + 6*p**2 - 4*p. Let w be s(5). Suppose -65 + 20 = -w*i + 3*r, 0 = -5*r. Calculate the remainder when 25 is divided by i.
7
Suppose -d - 2*d + 59 = -4*j, 0 = -5*d - 3*j + 108. Let t = d + -13. Let s = 0 + 5. What is the remainder when t is divided by s?
3
Let a(j) = 10 + j - j**2 + 3*j - 3*j + 3*j. Let b be a(7). Let d(y) = -y**2 - 12*y - 6. Calculate the remainder when 14 is divided by d(b).
4
Let g be (-8 - -6)/((-4)/38). Let n = g - 6. What is the remainder when 24 is divided by n?
11
Let r = 39 + -29. Calculate the remainder when 57 is divided by r.
7
Suppose 5*j - 39 = 2*d, 41 = 5*j - 4*d + 8. Suppose 27 - 122 = -s. Suppose -m - 5 = 4*m, -4*x = 5*m - s. Calculate the remainder when x is divided by j.
7
Let n(j) = -j**2 + 8*j - 2. What is the remainder when 54 is divided by n(4)?
12
Let f = -7 + 23. What is the remainder when 62 is divided by f?
14
Suppose -4*o + g = -161, 4*o + 4*g + 11 - 187 = 0. Suppose 24 = 5*y - o. Calculate the remainder when 43 is divided by -6 - -7 - (-1 - y).
13
Let z = 136 + -119. Let j = -74 - -105. What is the remainder when j is divided by z?
14
Let r(